{"id":15710,"date":"2022-06-20T15:06:22","date_gmt":"2022-06-20T14:06:22","guid":{"rendered":"https:\/\/letempsmag.ma\/?page_id=15710"},"modified":"2022-06-20T15:06:23","modified_gmt":"2022-06-20T14:06:23","slug":"mentions-legales","status":"publish","type":"page","link":"https:\/\/letempsmag.ma\/?page_id=15710","title":{"rendered":"Mentions L\u00e9gales"},"content":{"rendered":"\n<ol class=\"wp-block-list\" type=\"1\"><li><strong>Pr\u00e9sentation du site<\/strong><\/li><\/ol>\n\n\n\n<p><strong>Informations l\u00e9gales :<\/strong><\/p>\n\n\n\n<p>LETEMPSmag.ma<\/p>\n\n\n\n<p>Pr\u00e9sident-Directeur G\u00e9n\u00e9ral<br>ABDELHADI ALAMI<\/p>\n\n\n\n<p>Directeur de la R\u00e9daction<br>HASSAN EL ARCH<br>06 60 95 17 64<br>direction@letempsmag.ma<br>hassan.patriote@gmail.com<\/p>\n\n\n\n<p>Directrice Commerciale<br>NADIA ALAMI<br>albadi.nadia@gmail.com<br>06 62 34 29 44<\/p>\n\n\n\n<p>Directrice Administrative et Financi\u00e8re<br>SAIDA EL FETWAKI<\/p>\n\n\n\n<p>Site h\u00e9berg\u00e9 par OVH &nbsp;:&nbsp;<\/p>\n\n\n\n<p><strong>SAS au capital de 10 174 560 \u20ac<\/strong><\/p>\n\n\n\n<p><strong>RCS Lille M\u00e9tropole 424 761 419 00045<br>Code APE 2620Z<br>N\u00b0 TVA : FR 22 424 761 419<br>Si\u00e8ge social : 2 rue Kellermann &#8211; 59100 Roubaix &#8211; France<\/strong><\/p>\n\n\n\n<p><strong>Pr\u00e9sident : Michel Paulin<\/strong><\/p>\n\n\n\n<p><strong>OVH SAS est une filiale de la soci\u00e9t\u00e9 OVH Groupe SA, soci\u00e9t\u00e9 immatricul\u00e9e au RCS de Lille sous le num\u00e9ro 537 407 926 sise 2, rue Kellermann, 59100 Roubaix.<\/strong><\/p>\n\n\n\n<ul class=\"wp-block-list\"><li><strong>Conditions g\u00e9n\u00e9rales d\u2019utilisation du site et des services propos\u00e9s :<\/strong><\/li><\/ul>\n\n\n\n<p>L\u2019utilisation du site&nbsp;<a href=\"https:\/\/www.lesiteinfo.com\/\"><strong>www.<\/strong> <strong>letempsmag.ma<\/strong><\/a>&nbsp;implique l\u2019acceptation pleine et enti\u00e8re des conditions g\u00e9n\u00e9rales d\u2019utilisation d\u00e9crites ci-apr\u00e9s. Ces conditions d\u2019utilisation sont susceptibles d\u2019\u00eatre modifi\u00e9es ou compl\u00e9t\u00e9es \u00e0 tout moment, sans pr\u00e9avis, aussi les utilisateurs du site&nbsp;<a href=\"https:\/\/www.lesiteinfo.com\/\"><strong>www.<\/strong> <strong>letempsmag.ma<\/strong><\/a>&nbsp;sont invit\u00e9s \u00e0 les consulter de mani\u00e8re r\u00e9guli\u00e8re.<\/p>\n\n\n\n<p><a href=\"https:\/\/www.lesiteinfo.com\/\"><strong>www.<\/strong> <strong>letempsmag.ma<\/strong><\/a>&nbsp;est par principe accessible aux utilisateurs 24\/24h, 7\/7j, sauf interruption, programm\u00e9e ou non, pour les besoins de sa maintenance ou cas de force majeure. En cas d\u2019impossibilit\u00e9 d\u2019acc\u00e8s au service,&nbsp;<a href=\"https:\/\/www.lesiteinfo.com\/\"><strong>www.<\/strong> <strong>letempsmag.ma<\/strong><\/a>&nbsp;s\u2019engage \u00e0 faire son maximum afin de r\u00e9tablir l\u2019acc\u00e8s au service et s\u2019efforcera alors de communiquer pr\u00e9alablement aux utilisateurs les dates et heures de l\u2019intervention. N\u2019\u00e9tant soumis qu\u2019\u00e0 une obligation de moyen,&nbsp;<a href=\"https:\/\/www.lesiteinfo.com\/\"><strong>www.<\/strong> <strong>letempsmag.ma<\/strong><\/a>&nbsp;ne saurait \u00eatre tenu pour responsable de tout dommage, quelle qu\u2019en soit la nature, r\u00e9sultant d\u2019une indisponibilit\u00e9 du service.<\/p>\n\n\n\n<p>Le site&nbsp;<a href=\"https:\/\/www.lesiteinfo.com\/\"><strong>www.<\/strong> <strong>letempsmag.ma<\/strong><\/a>&nbsp;est mis \u00e0 jour r\u00e9guli\u00e8rement par le propri\u00e9taire du site. De la m\u00eame fa\u00e7on, les mentions l\u00e9gales peuvent \u00eatre modifi\u00e9es \u00e0 tout moment, sans pr\u00e9avis et s\u2019imposent \u00e0 l\u2019utilisateur sans r\u00e9serve. L\u2019utilisateur est r\u00e9put\u00e9 les accepter sans r\u00e9serve et s\u2019y r\u00e9f\u00e9rer r\u00e9guli\u00e8rement pour prendre connaissance des modifications.<\/p>\n\n\n\n<p>Le site&nbsp;<a href=\"https:\/\/www.lesiteinfo.com\/\"><strong>www.letempsmag.ma<\/strong><\/a>&nbsp;se r\u00e9serve aussi le droit de c\u00e9der, transf\u00e9rer, ce sans pr\u00e9avis les droits et\/ou obligations des pr\u00e9sentes CGU et mentions l\u00e9gales. En continuant \u00e0 utiliser les services du site&nbsp;<a href=\"https:\/\/www.lesiteinfo.com\/\"><strong>www.letempsmag.ma<\/strong><\/a>&nbsp;, l\u2019utilisateur reconna\u00eet accepter les modifications des conditions g\u00e9n\u00e9rales qui seraient intervenues.<\/p>\n\n\n\n<ul class=\"wp-block-list\"><li><strong>Limites de responsabilit\u00e9 :<\/strong><\/li><\/ul>\n\n\n\n<p>Le site&nbsp;<a href=\"https:\/\/www.lesiteinfo.com\/\"><strong>www.letempsmag.ma<\/strong><\/a>&nbsp;ne saurait \u00eatre tenu responsable des erreurs typographiques ou inexactitudes apparaissant sur le service, ou de quelque dommage subi r\u00e9sultant de son utilisation. L\u2019utilisateur reste responsable de son \u00e9quipement et de son utilisation, de m\u00eame il supporte seul les co\u00fbts directs ou indirects suite \u00e0 sa connexion \u00e0 Internet.<\/p>\n\n\n\n<p>L\u2019utilisateur du site&nbsp;<a href=\"https:\/\/www.lesiteinfo.com\/\"><strong>www.letempsmag.ma<\/strong><\/a>&nbsp;s\u2019engage \u00e0 acc\u00e9der \u00e0 celui-ci en utilisant un mat\u00e9riel r\u00e9cent, ne contenant pas de virus et avec un navigateur de derni\u00e8re g\u00e9n\u00e9ration mise \u00e0 jour.<\/p>\n\n\n\n<p>L\u2019utilisateur d\u00e9gage la responsabilit\u00e9 de&nbsp;<a href=\"https:\/\/www.lesiteinfo.com\/\"><strong>www.letempsmag.ma<\/strong><\/a>&nbsp;pour tout pr\u00e9judice qu\u2019il pourrait subir ou faire subir, directement ou indirectement, du fait des services propos\u00e9s. Seule la responsabilit\u00e9 de l\u2019utilisateur est engag\u00e9e par l\u2019utilisation du service propos\u00e9 et celui-ci d\u00e9gage express\u00e9ment le site&nbsp;<a href=\"https:\/\/www.lesiteinfo.com\/\"><strong>www.letempsmag.ma<\/strong><\/a>&nbsp;de toute responsabilit\u00e9 vis \u00e0 vis de tiers.<\/p>\n\n\n\n<ul class=\"wp-block-list\"><li><strong>Propri\u00e9t\u00e9 intellectuelle et contrefa\u00e7ons :<\/strong><\/li><\/ul>\n\n\n\n<p>Le propri\u00e9taire du site est propri\u00e9taire des droits de propri\u00e9t\u00e9 intellectuelle ou d\u00e9tient les droits d\u2019usage sur tous les \u00e9l\u00e9ments accessibles sur le site, notamment les textes, images, graphismes, logo, ic\u00f4nes, sons, logiciels\u2026<\/p>\n\n\n\n<p>Toute reproduction, repr\u00e9sentation, modification, publication, adaptation totale ou partielle des \u00e9l\u00e9ments du site, quel que soit le moyen ou le proc\u00e9d\u00e9 utilis\u00e9, est interdite, sauf autorisation<strong>.<\/strong><\/p>\n\n\n\n<p>Toute exploitation non autoris\u00e9e du site ou de l\u2019un quelconque de ces \u00e9l\u00e9ments qu\u2019il contient sera consid\u00e9r\u00e9e comme constitutive d\u2019une contrefa\u00e7on et poursuivie conform\u00e9ment aux dispositions applicables par la loi.<\/p>\n\n\n\n<ul class=\"wp-block-list\"><li><strong>Liens hypertextes et cookies :<\/strong><\/li><\/ul>\n\n\n\n<p>Le site&nbsp;<a href=\"https:\/\/www.lesiteinfo.com\/\"><strong>www.letempsmag.ma<\/strong><\/a>&nbsp;contient un certain nombre de liens hypertextes vers d\u2019autres sites (partenaires, informations \u2026) mis en place avec l\u2019autorisation de le propri\u00e9taire du site . Cependant, le propri\u00e9taire du site n\u2019a pas la possibilit\u00e9 de v\u00e9rifier le contenu des sites ainsi visit\u00e9s et d\u00e9cline donc toute responsabilit\u00e9 de ce fait quand aux risques \u00e9ventuels de contenus illicites.<\/p>\n","protected":false},"excerpt":{"rendered":"<p>Pr\u00e9sentation du site Informations l\u00e9gales : LETEMPSmag.ma Pr\u00e9sident-Directeur G\u00e9n\u00e9ralABDELHADI ALAMI Directeur de la R\u00e9dactionHASSAN EL ARCH06 60 95 17 64direction@letempsmag.mahassan.patriote@gmail.com Directrice CommercialeNADIA ALAMIalbadi.nadia@gmail.com06 62 34 29 44 Directrice Administrative et Financi\u00e8reSAIDA EL FETWAKI Site h\u00e9berg\u00e9 par OVH &nbsp;:&nbsp; SAS au capital de 10 174 560 \u20ac RCS Lille M\u00e9tropole 424 761 419 00045Code APE 2620ZN\u00b0 &hellip;<\/p>\n","protected":false},"author":2,"featured_media":0,"parent":0,"menu_order":0,"comment_status":"closed","ping_status":"closed","template":"","meta":{"footnotes":""},"class_list":["post-15710","page","type-page","status-publish","hentry"],"_links":{"self":[{"href":"https:\/\/letempsmag.ma\/index.php?rest_route=\/wp\/v2\/pages\/15710","targetHints":{"allow":["GET"]}}],"collection":[{"href":"https:\/\/letempsmag.ma\/index.php?rest_route=\/wp\/v2\/pages"}],"about":[{"href":"https:\/\/letempsmag.ma\/index.php?rest_route=\/wp\/v2\/types\/page"}],"author":[{"embeddable":true,"href":"https:\/\/letempsmag.ma\/index.php?rest_route=\/wp\/v2\/users\/2"}],"replies":[{"embeddable":true,"href":"https:\/\/letempsmag.ma\/index.php?rest_route=%2Fwp%2Fv2%2Fcomments&post=15710"}],"version-history":[{"count":1,"href":"https:\/\/letempsmag.ma\/index.php?rest_route=\/wp\/v2\/pages\/15710\/revisions"}],"predecessor-version":[{"id":15711,"href":"https:\/\/letempsmag.ma\/index.php?rest_route=\/wp\/v2\/pages\/15710\/revisions\/15711"}],"wp:attachment":[{"href":"https:\/\/letempsmag.ma\/index.php?rest_route=%2Fwp%2Fv2%2Fmedia&parent=15710"}],"curies":[{"name":"wp","href":"https:\/\/api.w.org\/{rel}","templated":true}]}}