{"id":1196,"date":"2021-03-15T10:13:53","date_gmt":"2021-03-15T10:13:53","guid":{"rendered":"https:\/\/letempsmag.net\/?page_id=1196"},"modified":"2021-10-08T12:26:22","modified_gmt":"2021-10-08T11:26:22","slug":"qui-sommes-nous","status":"publish","type":"page","link":"https:\/\/letempsmag.ma\/?page_id=1196","title":{"rendered":"QUI SOMMES-NOUS&#8230;?"},"content":{"rendered":"<p>LETEMPSmag.ma<\/p>\n<p>Pr\u00e9sident-Directeur G\u00e9n\u00e9ral<br \/>\nABDELHADI ALAMI<\/p>\n<p>Directeur de la R\u00e9daction<br \/>\nHASSAN EL ARCH<br \/>\n06 60 95 17 64<br \/>\ndirection@letempsmag.ma<br \/>\nhassan.patriote@gmail.com<\/p>\n<p>Directrice Commerciale<br \/>\nNADIA ALAMI<br \/>\nalbadi.nadia@gmail.com<br \/>\n06 62 34 29 44<\/p>\n<p>Directrice Administrative et Financi\u00e8re<br \/>\nSAIDA EL FETWAKI<\/p>\n","protected":false},"excerpt":{"rendered":"<p>LETEMPSmag.ma Pr\u00e9sident-Directeur G\u00e9n\u00e9ral ABDELHADI ALAMI Directeur de la R\u00e9daction HASSAN EL ARCH 06 60 95 17 64 direction@letempsmag.ma hassan.patriote@gmail.com Directrice Commerciale NADIA ALAMI albadi.nadia@gmail.com 06 62 34 29 44 Directrice Administrative et Financi\u00e8re SAIDA EL FETWAKI<\/p>\n","protected":false},"author":9,"featured_media":0,"parent":0,"menu_order":0,"comment_status":"closed","ping_status":"closed","template":"","meta":{"footnotes":""},"class_list":["post-1196","page","type-page","status-publish","hentry"],"_links":{"self":[{"href":"https:\/\/letempsmag.ma\/index.php?rest_route=\/wp\/v2\/pages\/1196","targetHints":{"allow":["GET"]}}],"collection":[{"href":"https:\/\/letempsmag.ma\/index.php?rest_route=\/wp\/v2\/pages"}],"about":[{"href":"https:\/\/letempsmag.ma\/index.php?rest_route=\/wp\/v2\/types\/page"}],"author":[{"embeddable":true,"href":"https:\/\/letempsmag.ma\/index.php?rest_route=\/wp\/v2\/users\/9"}],"replies":[{"embeddable":true,"href":"https:\/\/letempsmag.ma\/index.php?rest_route=%2Fwp%2Fv2%2Fcomments&post=1196"}],"version-history":[{"count":7,"href":"https:\/\/letempsmag.ma\/index.php?rest_route=\/wp\/v2\/pages\/1196\/revisions"}],"predecessor-version":[{"id":8813,"href":"https:\/\/letempsmag.ma\/index.php?rest_route=\/wp\/v2\/pages\/1196\/revisions\/8813"}],"wp:attachment":[{"href":"https:\/\/letempsmag.ma\/index.php?rest_route=%2Fwp%2Fv2%2Fmedia&parent=1196"}],"curies":[{"name":"wp","href":"https:\/\/api.w.org\/{rel}","templated":true}]}}

<p>LETEMPSmag.ma</p>
<p>Président-Directeur Général<br />
ABDELHADI ALAMI</p>
<p>Directeur de la Rédaction<br />
HASSAN EL ARCH<br />
06 60 95 17 64<br />
direction@letempsmag.ma<br />
hassan.patriote@gmail.com</p>
<p>Directrice Commerciale<br />
NADIA ALAMI<br />
albadi.nadia@gmail.com<br />
06 62 34 29 44</p>
<p>Directrice Administrative et Financière<br />
SAIDA EL FETWAKI</p>

<p>LETEMPSmag.ma Président-Directeur Général ABDELHADI ALAMI Directeur de la Rédaction HASSAN EL ARCH 06 60 95 17 64 direction@letempsmag.ma hassan.patriote@gmail.com Directrice Commerciale NADIA ALAMI albadi.nadia@gmail.com 06 62 34 29 44 Directrice Administrative et Financière SAIDA EL FETWAKI</p>
